0) + 8.
6
Calculate -14 - 2 - (-94 + 95).
-17
5 + -7 + (7 - (-5 - -5) - 7)
-2
Evaluate (1 - (-9 + 18)) + 7.
-1
Evaluate 0 - 13 - -2 - (-30 + -61 + 53).
27
Evaluate 2 - 14 - ((-1 - 1) + (-35 - -33)).
-8
Evaluate -40 + 0 + 1 + -2 - (-894 + 883).
-30
What is -119 - -125 - (-12 - 1)?
19
Evaluate -48 + (68 - 32) + (-17 - -1).
-28
Calculate (6 - ((-5 - -1) + 0)) + -1.
9
What is 28 + (-14 - -11) + -15?
10
What is the value of 7 + -3 + 2 + -4 + 6 + -3?
5
Calculate (-6 - -4) + 13 + 3 + 12.
26
Evaluate -17 - (-2 + (-3 - (-8 - -9))).
-11
What is -14 + -2 - (-51 + 33)?
2
Calculate 12 + 0 + 1 + (-73 - (-31 + -34)).
5
-13 + (-1 - (0 - 5)) + 4 - -12
7
12 - (9 + -9 + 0)
12
What is the value of -3 - (0 + -3) - (12 - (4 + -2))?
-10
(-1 - -18) + (-27 - 6)
-16
What is the value of (-10 - -24 - 34) + -16?
-36
Evaluate -39 + 66 + -12 + 1 + (0 - 3).
13
Evaluate (-9 - ((6 - 1) + -16)) + -16.
-14
Evaluate 3 + 8 + -9 + -12 + -2 - -5.
-7
Evaluate -21 + 1 - (521 + -526).
-15
What is the value of -8 - (-15 - (-10 - (5 + -13)))?
5
What is the value of 5 - (20 + -17 + -9)?
11
1 - 7 - ((6 - 0) + -8 + -3)
-1
What is the value of -17 - ((-17 - -12) + -6)?
-6
What is the value of -41 - (-23 - (27 + -32))?
-23
0 - 1 - (-1 + -5 + 1)
4
What is -1 + 16 - (26 - (-44 - -56))?
1
What is 5 + 3 - 0 - 0 - (3 - 11)?
16
What is -8 + -2 + (5 - 14) - -9?
-10
Calculate 8 + 13 + (-37 - -21).
5
8 + (-29 - -20) + -4 + 2 + 7
4
What is the value of -24 + (23 - (4 + -15))?
10
Evaluate (-7 - 1) + -3 + 11 + -5.
-5
What is 2 + -12 + -41 + 56?
5
What is the value of -14 + 0 + (5 - (17 + -27)) + -8?
-7
What is 21 + 1 - (-79 + 91)?
10
What is the value of (5 - (-3 + 5)) + -2 - (-2 - -5)?
-2
What is the value of (-3 - 0) + (-4 + -3 - 0) + 1?
-9
5 + -3 + -10 - (58 + -74)
8
9 - (-8 - -11) - -7
13
Evaluate -9 - ((11 + -30 - -4) + -6).
12
What is the value of (-26 - (5 - 19)) + 5?
-7
What is the value of (1 + -9 + -3 - -10) + 3?
2
What is (-24 - -7) + -3 + 12 - -7?
-1
Calculate -12 - ((-3 - 8) + 1).
-2
Calculate -28 + 11 + 12 - (-2 + -11).
8
Evaluate (33 - (-2 - -4)) + (219 - 218).
32
Evaluate -1 + (0 - (7 - 15)) - 8.
-1
What is 15 - ((18 - (-7 - -8)) + -9)?
7
Calculate -8 + 16 + (1 - 9) + -9.
-9
-7 + 0 + (-3 - -5) - -2
-3
What is the value of 17 + (1 - 9) + (-116 - -111)?
4
Calculate 150 - 147 - (-4 + 7).
0
Evaluate (-1 - -17) + 17 + (-22 - -6) - 2.
15
24 + 41 + -84 + -19
-38
What is the value of 5 - (10 - (7 + -9) - 7)?
0
What is -16 + (64 + 0 - (-635 + 645))?
38
What is -2 + -5 - (-430 - -415)?
8
What is 46 - 10 - (20 + 6)?
10
Evaluate 27 + (14 - (22 - (6 - 11))).
14
-191 + 202 + (-2 - (2 + -7))
14
Evaluate (18 - -15) + -17 + 1.
17
Calculate 51 - 58 - (-2 - 9).
4
-14 + (39 - (10 - -5))
10
8 - ((7 - 2) + (5 + -15 - -3))
10
Evaluate -16 + (-5 - (0 + -9 + (-9 - -7))).
-10
Calculate -3 + 0 + 11 - (-7 + 20).
-5
What is the value of 9 - (-6 - (17 + -9 + 1))?
24
What is -47 + (-46 - -92) + (2 - (2 - 15))?
14
What is -1 + 24 + (-1 - 5)?
17
What is the value of (42 - 1 - (45 - 36)) + -16?
16
-6 - (0 + -1 - (-11 + 7))
-9
Evaluate (3 - 0) + -1 - 3 - (125 - 121).
-5
Evaluate 0 + -12 + (-5 - (3 + -7 - 2)).
-11
-39 - -13 - (-6 - (0 - -5))
-15
Evaluate 1 - 16 - (-19 + 39) - -7.
-28
(588 - 589) + -24 + 1
-24
What is (5 - 12) + (-10 - -15) - 5?
-7
15 - (-31 + 16) - 17
13
Evaluate 22 + (26 - 42 - -4).
10
Calculate 14 - (-1 - -23) - 1.
-9
Calculate -4 - 2 - (-24 - -10).
8
-30 + 31 + -2 + -3 - -14
10
What is 4 + (0 - 1) + (-6 - (0 + -6))?
3
(55 + -29 - 51) + 12 + 1
-12
-4 - 4 - (4 - (-2 - -12) - -6)
-8
What is 18 + -15 + (0 - 12) - -11?
2
Calculate -6 + (-1 - 0) - (6 + -4 + -13).
4
What is the value of 12 + 25 + 0 + -32?
5
Calculate -3 + (25 - 18 - (-1 + 0 - 1)).
6
Calculate 6 + -14 - (2 + (-2 - -4)).
-12
What is (5 - 0) + -9 + 4 + 12 - 7?
5
Calculate 594 + -533 + -34 + 4.
31
What is -31 - (-19 + (8 - -5)) - 2?
-27
1 - 2 - (37 + -19 + -11)
-8
-76 + 79 + 3 + (-5 - -15)
16
Calculate (92 - 111) + 17 + (-12 - (-2 - -4)).
-16
What is the value of (-3 + 26 - 30) + 22?
15
Evaluate 34 + (16 - (31 - 6)).
25
Evaluate (-18 + 21 - 24) + 18.
-3
What is the value of 20 + 0 - (-87 - -97) - 5?
5
What is the value of 27 - (1 - -9) - 15 - (0 - 8)?
10
What is the value of 1 - ((-13 - -9) + 13)?
-8
What is the value of 1 - (-1 - -18) - (3 + (-14 - -6))?
-11
Calculate -6 - (3 - (-12 + 2 + -2) - 5).
-16
-3 + -3 + (-19 - (2 - 16))
-11
Evaluate 39 - ((13 + -14 - (-12 - 0)) + -7).
35
Calculate 14 + -44 + -1 + 23.
-8
What is the value of -1 + 0 + -4 + 16 + 8 + -2?
17
Calculate -9 + -14 + 31 + -13.
-5
Calculate 3 - (1 - -1) - (3 + (0 - 5)).
3
Calculate 4 - (21 + (10 - 52)).
25
What is the value of -5 - (-1 + -1 + (-27 - -31))?
-7
What is -21 + (45 - -38) + -35?
27
What is -11 - -26 - (3 - -7)?
5
Calculate 305 + -304 - (1 - (6 + -1)).
5
Evaluate (4 - 10) + 0 + 3 - (9 - -1).
-13
Evaluate (-4 + -2 - (-14 + 7)) + 17 + -4.
14
Calculate (-2 + -14 - (-62 - -43)) + 9.
12
Evaluate 22 + -2 + -16 + (26 - 1).
29
What is the value of 20 + (-20 - (-8 - -12))?
-4
Calculate 13 + (28 - 33) + (-5 - -1).
4
What is the value of -17 - (-12 + 8) - ((4 - 3) + 7)?
-21
Evaluate 6 + (3 + -12 - -12) + -9.
0
Evaluate -3 - (10 - ((5 - 14) + 9)).
-13
(-4 - (1 + -13)) + 28 + 3 + 2
41
Evaluate (5 - (-3 - -5) - (-6 + 17)) + -4.
-12
Evaluate 8 + (5 - (8 - 13) - 20).
-2
What is the value of 15 + (2 - 2) + -34 + (62 - 36)?
7
Evaluate -1030 + 1044 + (0 - 18 - 1).
-5
51 + -25 + -22 + -7
-3
What is (-1 - 14) + (7 - (2 - -25)) + 14?
-21
Calculate -7 + -1 - (8 + (16 - 51)).
19
Calculate 2 - (-1 - -13 - (-240 + 235)).
-15
What is (10 - 6) + -4 + -7 + -3 + 1?
-9
-14 + (2 - (4 - -6)) + 6 - 2
-18
22 + (-6 - (6 - (20 + (11 - 15))))
26
Evaluate -12 - (-1 + 5 + 6 + -7).
-15
Evaluate 6 + (-8 - (4 - -10 - 27)).
11
What is -7 + -4 + 25 - 6?
8
Calculate (-3 - 1 - 6 - (2 - 6)) + 5.
-1
Evaluate (1 - 33) + (29 - 9).
-12
Evaluate 7 - 1 - (75 + -13 + -65).
9
What is the value of -50 + 47 + -33 + 1 - -15?
-20
What is 11 - (-1 + 15 - -2)?
-5
-18 + 23 + -16 + (6 - -4)
-1
What is the value of (8 - (-4 - -16) - (2 - 4)) + 16?
14
2 + (7 + -1 - (-2 + (-2 - -5)))
7
Calculate -7 + (-24 + 8 - -23) + 2 + 0.
2
What is the value of -4 - (7 - 9 - (-11 - (-4 - 0)))?
-9
Calculate 5 + (40 - 46 - (-2 - 6)).
7
Calculate 26 - (4 - (1 + -19)).
4
What is -1 + (41 - 20) - 13?
7
Evaluate (-64 - -47 - -32) + (2 - -9).
26
Calculate -12 + 0 - (13 + -17).
-8
Calculate (15 - 26 - (11 + -39)) + -38.
-21
What is -17 - ((36 - 12) + -53)?
12
Calculate 59 + -26 - (-14 + 42).
5
15 - (-16 + 16 + 18) - (-1 - 5)
3
What is -17 - (3 - (-7 - (9 - (13 - -1))))?
-22
What is the value of 3 + -13 - ((29 - 35) + (-4 - 23))?
23
Calculate (5 - 12) + (6 - 4 - -6) + -21.
-20
Evaluate 6 - (-5 + 2 + 8 + -7 - -8).
0
What is the value of -11 + (23 - 8 - 9) - (1 + 0)?
-6
What is -13 + (0 - (-19 - 7))?
13
What is the value of -4 + -12 + 2 - 1 - -5?
-10
-25 - (-4 + -40) - (0 - (-2 + 5))
22
32 + -23 - 9 - (1 + 7)
-8
(-5 - (12 - 7)) + 18 + (-21 - 13)
-26
Calculate -6 + -16 + (6 + 6 - 3).
-13
Calculate 2 - 1 - (-4 + -4 + 3).
6
Calculate (3 + 11 - -3) + 1.
18
What is the value of (446 - 438) + 19 + -3?
24
What is -13 + -12 + 10 + 12 + (2 - -15)?
14
What is the value of 3 + 24 + -194 + 148?
-19
Calculate 1 - (-19 + (12 - (-5 + 10)) - -8).
5
Calculate 0 + (63 + -23 - 16).
24
(-1 - 5) + -2 - (-1 + 5)
-12
Evaluate 1 - ((-15 - (12 - (11 + -2))) + 2).
17
What is 9 + (-1 - -2) + (108 - 114)?
4
What is 3 + 0 + 6 - 5?
4
What is the value of -17 + -1 + -1439 + 1446?
-11
What is 31 + -21 + 27 + -60?
-23
-4 + -28 + (51 - -13)
32
What is -11 + 1 - (18 - (18 + -7 + 0))?
-17
Calculate 11 + 7 + -15 + 1 + 6.
10
What is the value of 4 + -3 - (-9 + 22 - 28)?
16
Evaluate -71 + (4 - (34 - 76)).
-25
Calculate 8 + (-4 - ((-3 - -4) + -7)).
10
-27 - ((7 - 21) + (7 - -8 - 7))
-21
Evaluate 8 + 37 + -7 - 7.
31
What is the value of (9 - (16 + 3) - -11) + 5?
6
What is (-1 - (-9 - -1)) + -48 + 10 - 2?
-33
What is (-6 - (-10 - (4 + -10))) + 11?
9
What is the value of (9 - -5) + -7 - -5?
12
-16 - -18 - (2 + (-11 - -4 - -5))
2
-2 + (14 - 12 - 21)
-21
(-19 - -30 - 19) + -5
-13
Evaluate -199 + 168 - (-1 + -2).
-28
What is -28 + 66 + -1 + -14?
23
What is the value of (-54 - -27) + 17 + -11?
-21
What is the value of (-1 - -9) + -9 + 5 + -2 + -8?
-6
Evaluate (-19 - (-12 - -7)) + 10.
-4
Calculate -10 +